z be m/(-16) - (-2)/(-4). What is the highest common factor of 20 and z?
10
Let q = -148 + 238. What is the highest common factor of q and 390?
30
Let l(t) = 1 + 2*t - 7*t + 7*t. Let n be l(0). Suppose -p - 3*p = -4. What is the greatest common divisor of p and n?
1
Let r = -29 + -185. Let s = -154 - r. Calculate the highest common divisor of 5 and s.
5
Suppose 3*f + 1 = 4*l - 3, l = -2*f + 12. Let m(g) = 2*g**2 - 4*g - 2. Let q be m(l). Calculate the greatest common divisor of q and 2.
2
Let c be (-2)/(-10) - (2168/(-10) + -7). What is the greatest common factor of 70 and c?
14
Let k(c) = 3*c**2 - 11*c - 2. Let a be k(5). Suppose -3*o - 2*s + a = 0, -4*s + 5 = 2*o - 7. What is the highest common factor of 3 and o?
3
Let x(f) be the first derivative of f**4/4 + 11*f**3/3 + 13*f**2/2 + 10*f - 26. Let o be x(-8). Calculate the highest common factor of o and 28.
14
Let w = 12 + -31. Let c = w + 22. Suppose u + l = 8, -c*u = 5*l - 4 - 26. Calculate the highest common divisor of 35 and u.
5
Suppose -90 = -51*k + 48*k. What is the highest common divisor of k and 80?
10
Suppose 0 = -c - 3*c - 4. Let a be (c + -2)/((-9)/15). Suppose 16 + 4 = a*j. Calculate the highest common divisor of 12 and j.
4
Suppose 6*i - 9*i + 138 = 0. Suppose -i = r + r. Let p = -5 - r. Calculate the highest common divisor of p and 27.
9
Let c(l) = -l**3 + 3*l**3 - 4*l**3 + 3*l**3 + 14. Let r be c(0). What is the highest common divisor of r and 14?
14
Suppose 4*a + 74 = -5*s, 2*s = -0*a - 5*a - 33. Let o be (-388)/s + 6/21. Calculate the highest common divisor of 7 and o.
7
Let f be 3/3*-26*-2. Suppose -f = -4*d - 12. Calculate the highest common factor of d and 40.
10
Let o(u) = 5*u + 16. Let q be o(-6). Let p be (30/35)/((-3)/q). Suppose -h - 4*f = -150 + p, 5*h - 746 = -4*f. Calculate the greatest common factor of h and 30.
30
Let f be (2 + -134)/(5 - 14/2). What is the highest common divisor of 18 and f?
6
Let n be -4 + (-27)/(-6) - 22/(-4). Suppose 67 - 19 = n*a. Let t = 73 + -1. Calculate the highest common divisor of a and t.
8
Suppose -77*b = -44*b - 4356. Let k(g) = 2*g + 4. Let z be k(4). Calculate the highest common divisor of b and z.
12
Suppose -s - 108 = 2*s. Let b = -28 - s. What is the highest common factor of 64 and b?
8
Suppose -4*p - 2*i = -58, -5*i = -1 + 6. Calculate the highest common divisor of p and 300.
15
Suppose 5*a - 30 = -0*a. Let u(m) = 48*m**3 + m**2 - 8*m + 7. Let i be u(1). Calculate the greatest common divisor of a and i.
6
Let a be (2 + -1)/5 - 138/(-10). Let q be ((-7)/a)/(-1*(-1)/(-16)). What is the highest common factor of q and 8?
8
Let f be (-82)/(-1) - 0/(-6). Suppose -x + f = -44. Calculate the greatest common divisor of 18 and x.
18
Let c = 47 - -8. Let y be (-1 - 0)/(1/c). Let r be (-1055)/y + (-4)/22. Calculate the greatest common factor of r and 76.
19
Let s be -5 - (-105)/20 - 35/(-4). Calculate the greatest common factor of s and 6.
3
Let g = 8 - 3. Let b(j) = 4*j + 25. Let h be b(-5). Suppose 2*u - 5*u = 3*r - 120, -2*r = -h*u + 200. What is the greatest common divisor of u and g?
5
Suppose 3*v + 0*l - 28 = l, 0 = 4*v + 5*l - 31. What is the greatest common factor of 63 and v?
9
Suppose 0 = -t + 4*t - 1089. Let m(z) = -26*z + z**3 - 7 - 7*z**2 + 15*z + z**2. Let s be m(8). Calculate the greatest common divisor of s and t.
33
Let l be (756/180)/(1/5). Let y be 14*1*3/2. Calculate the highest common factor of y and l.
21
Let n = -149 - -182. Let l be -2 - 0 - (-1 + 23). Let f = -13 - l. What is the greatest common divisor of n and f?
11
Let n = -2006 + 2086. Let b be (-292)/(-18) + (-2)/9. Calculate the greatest common factor of n and b.
16
Let t be (1 - -1)*(-81)/6. Let q = 58 + t. Let g = 51 - q. What is the greatest common factor of 4 and g?
4
Let t = -362 + 368. Calculate the greatest common divisor of t and 174.
6
Let j = 479 + -455. Suppose 600 = 4*h + h. What is the highest common factor of h and j?
24
Let q(b) = b - 8. Let y be q(8). Suppose -5*g + 7 + 18 = y. Calculate the greatest common factor of g and 55.
5
Let b(m) = 2*m**2 - 8*m - 4. Let d be b(-3). Let x = 58 - d. What is the highest common factor of x and 4?
4
Let s = 15 + -13. Suppose -s*y - y = 0. Suppose p + 3*g - 25 = -p, 3*p + 5*g - 39 = y. What is the greatest common divisor of p and 80?
8
Suppose l - t = 70, 32 + 93 = 2*l + t. Let x(y) = -2*y**2 + 32*y - 57. Let m be x(12). What is the greatest common factor of l and m?
13
Let r = 257 - 221. Calculate the highest common divisor of 153 and r.
9
Let b be (-35)/14*(-4)/5. Suppose -60 = b*o - 5*o. Calculate the greatest common factor of 180 and o.
20
Let s be (-145)/(-4) - (-9)/(-36). Suppose 0*t + 122 = 3*t - g, -5*t + 210 = -5*g. Let w be t/7 + 20/70. Calculate the highest common divisor of s and w.
6
Suppose 0 = 86*h - 37*h - 27783. What is the greatest common divisor of h and 7?
7
Suppose -2*w + 132 = 4*s, 62 = w + 4*s - 0*s. Suppose 0 = -5*f - w. Let c be 6/f + 6735/35. Calculate the greatest common divisor of c and 24.
24
Let r(c) = -21*c - 3. Let a be r(7). Let p = -118 - a. Calculate the greatest common divisor of p and 4.
4
Suppose -u = 30 - 44. What is the highest common factor of u and 378?
14
Suppose 1760 = 974*d - 969*d. What is the highest common factor of 22 and d?
22
Let a be 4/(-3)*207/46. Let c be a/(-3)*-1 + (11 - 7). Suppose -20 = -g + 3*l, -5*g + 3*g - l + 12 = 0. What is the greatest common factor of g and c?
2
Suppose -22*w - 18 = -19*w. Let f be 2/4*3*(-76)/w. Calculate the highest common divisor of f and 133.
19
Suppose 5*a = -9*w + 14*w + 530, -3*w - 3 = 0. What is the greatest common factor of a and 77?
7
Let w = -2794 - -2814. Let o be (-3)/2*8/(-3). Suppose o*x - 2*f + 222 = 5*x, 2*x + 5*f - 445 = 0. Calculate the greatest common factor of w and x.
20
Suppose -73 = 3*y - x, 0 = 2*x - 3 + 7. Let f = 69 + y. Let g be (-101)/(-11) + (-8)/f. What is the greatest common divisor of g and 45?
9
Let q(f) = -f**3 - 14*f**2 + 15*f + 11. Let k be q(-15). Let l = -2 + 3. Let j = l + 0. What is the highest common factor of j and k?
1
Let h be (95/25)/(3705/925 - 4). Calculate the greatest common divisor of h and 19.
19
Let g(d) = d**3 - 6*d**2 - 35*d + 25. Let w be g(10). Calculate the highest common factor of 50 and w.
25
Let r(y) = -y + 2. Let i be r(-10). Let h be 2/10 + (-3)/15. Suppose -5*l - 5*t + 85 = -h*t, 35 = 5*l - 5*t. Calculate the highest common divisor of l and i.
12
Let l(p) = p**2 - 4*p - 5. Let z be l(5). Let q = 505 - 503. Suppose z*f + 63 = 4*j - f, -q*j = -5*f - 45. What is the greatest common factor of 3 and j?
3
Suppose -10*u = -11*u + 31. Suppose 0 = -3*l + 5*s + 35, 0*s - u = -3*l + s. What is the highest common divisor of l and 80?
10
Suppose 4*r - 246 - 122 = 0. Let k = r - -115. Suppose 0 = m - 6*m - v + k, -174 = -4*m + 2*v. What is the highest common factor of 7 and m?
7
Let y = 2176 + -2141. Suppose -2*n = 3*b + 3*n - 10, -4*n + 6 = 2*b. Calculate the greatest common factor of y and b.
5
Let r = 53 + 172. Suppose t - r = -t + 5*v, -v = 3. Calculate the greatest common divisor of 15 and t.
15
Suppose 4*w - 108 - 12 = 0. Let s(t) = -t**3 - 28*t**2 - 128*t + 163. Let r be s(-22). Calculate the highest common factor of r and w.
15
Let u be ((-8)/(-4) - 0) + 3. Suppose u*s - 4*v - 1084 = 0, 5*s - 1376 = -4*v - 260. Calculate the highest common factor of 20 and s.
20
Let n(x) = 34*x - 19. Let y be n(1). Calculate the highest common factor of 255 and y.
15
Let l(u) = -6*u + 6. Suppose 0 = -2*w - 8. Let p be l(w). What is the highest common divisor of 180 and p?
30
Let d(z) = z**2 - 4*z + 5. Let h be d(3). Suppose 3*l + j = -2*j + 45, l + h*j = 17. What is the highest common divisor of 13 and l?
13
Suppose 3*n - 17*v = -14*v + 63, 25 = -5*v. Calculate the greatest common factor of 848 and n.
16
Suppose 28*b - 32*b = 144. Let c = 61 + b. What is the greatest common divisor of 25 and c?
25
Let c(f) = -4*f**3 - f**2 - f. Let i be c(-1). Suppose -v - i*k + 104 = 0, -3*v - k + 259 = -9. What is the highest common factor of v and 11?
11
Let l = 211 + -139. Calculate the highest common factor of l and 27.
9
Suppose 17*m = 773 + 2763. What is the greatest common factor of m and 52?
52
Suppose 0 = -s + 5, -2*m - 3*s + 7 = -12. Suppose -21 = -m*n - k - 2*k, -5*k = 3*n - 30. What 